{"id":101351,"date":"2026-04-27T17:50:34","date_gmt":"2026-04-27T15:50:34","guid":{"rendered":"https:\/\/namarstyle.com\/product\/biurko-elektryczne-z-regulacja-bimotion-120x65-czarny-bialy-mat\/"},"modified":"2026-05-01T03:56:23","modified_gmt":"2026-05-01T01:56:23","slug":"biurko-elektryczne-z-regulacja-bimotion-czarny-bialy-mat","status":"publish","type":"product","link":"https:\/\/namarstyle.com\/fr\/product\/biurko-elektryczne-z-regulacja-bimotion-czarny-bialy-mat\/","title":{"rendered":"Biurko elektryczne z regulacj\u0105 BIMotion czarny\/bia\u0142y mat"},"content":{"rendered":"<p>Opis:<\/p>\n<p>&#8211; Mo\u017cliwo\u015b\u0107 pracy na stoj\u0105co<br \/>\n&#8211; Jeden silnik<br \/>\n&#8211; Funkcja regulacji wysoko\u015bci<br \/>\n&#8211; Funkcja pami\u0119ci wysoko\u015bci<br \/>\n&#8211; Uniwersalno\u015b\u0107 \u2013 do stela\u017cu mo\u017cna u\u017cy\u0107 dowolnego blatu<br \/>\n&#8211; Pewno\u015b\u0107 i stabilno\u015b\u0107<br \/>\n&#8211; Stela\u017ce nie wywo\u0142uj\u0105 drga\u0144<br \/>\n&#8211; Sterownik mo\u017cna zamontowa\u0107 w dowolnym miejscu<br \/>\n&#8211; Zabezpieczenie przed przegrzaniem mechanizmu<\/p>\n<p>Stela\u017c 1-silnikowy parametry:<\/p>\n<p>&#8211; Rodzaj nap\u0119du: pojedynczy silnik<br \/>\n&#8211; Belka rozci\u0105gaj\u0105ca: rozsuwana<br \/>\n&#8211; Sterowanie: wy\u015bwietlacz LED z 2 pami\u0119ciami<br \/>\n&#8211; Funkcje: pami\u0119\u0107 wysoko\u015bci, blokada dla dzieci, system antykolizyjny<br \/>\n&#8211; No\u015bno\u015b\u0107: 70 kg<br \/>\n&#8211; Pr\u0119dko\u015b\u0107: 28 mm\/s<br \/>\n&#8211; Poziom ha\u0142asu: <50 dB\n- Napi\u0119cie wej\u015bciowe: AC110V-AC230V\n- Cykl pracy: 10%, czyli 2 minuty w\u0142\u0105czony \/ 18 minut wy\u0142\u0105czony\n- Kabel zasilaj\u0105cy\n\nWymiary stela\u017ca:\n\n- Regulowana wysoko\u015b\u0107: 73-120 cm\n- Regulowana szeroko\u015b\u0107: 90-120 cm\n \n\nWymiary blatu:\n\n- D\u0142ugo\u015b\u0107: 120 cm\n- Szeroko\u015b\u0107: 65 cm\n- Grubo\u015b\u0107: 2,5 cm\n<\/p>\n","protected":false},"excerpt":{"rendered":"<p>Stela\u017c: metalowa rama<br \/>\nBlat: p\u0142yta laminowana 25 mm, obrze\u017ca ABS 0,8 mm <\/p>\n","protected":false},"featured_media":101343,"comment_status":"open","ping_status":"closed","template":"","meta":[],"product_brand":[],"product_cat":[189],"product_tag":[],"class_list":{"0":"post-101351","1":"product","2":"type-product","3":"status-publish","4":"has-post-thumbnail","6":"product_cat-ogrod","8":"first","9":"instock","10":"taxable","11":"shipping-taxable","12":"purchasable","13":"product-type-simple"},"_links":{"self":[{"href":"https:\/\/namarstyle.com\/fr\/wp-json\/wp\/v2\/product\/101351","targetHints":{"allow":["GET"]}}],"collection":[{"href":"https:\/\/namarstyle.com\/fr\/wp-json\/wp\/v2\/product"}],"about":[{"href":"https:\/\/namarstyle.com\/fr\/wp-json\/wp\/v2\/types\/product"}],"replies":[{"embeddable":true,"href":"https:\/\/namarstyle.com\/fr\/wp-json\/wp\/v2\/comments?post=101351"}],"version-history":[{"count":5,"href":"https:\/\/namarstyle.com\/fr\/wp-json\/wp\/v2\/product\/101351\/revisions"}],"predecessor-version":[{"id":104048,"href":"https:\/\/namarstyle.com\/fr\/wp-json\/wp\/v2\/product\/101351\/revisions\/104048"}],"wp:featuredmedia":[{"embeddable":true,"href":"https:\/\/namarstyle.com\/fr\/wp-json\/wp\/v2\/media\/101343"}],"wp:attachment":[{"href":"https:\/\/namarstyle.com\/fr\/wp-json\/wp\/v2\/media?parent=101351"}],"wp:term":[{"taxonomy":"product_brand","embeddable":true,"href":"https:\/\/namarstyle.com\/fr\/wp-json\/wp\/v2\/product_brand?post=101351"},{"taxonomy":"product_cat","embeddable":true,"href":"https:\/\/namarstyle.com\/fr\/wp-json\/wp\/v2\/product_cat?post=101351"},{"taxonomy":"product_tag","embeddable":true,"href":"https:\/\/namarstyle.com\/fr\/wp-json\/wp\/v2\/product_tag?post=101351"}],"curies":[{"name":"wp","href":"https:\/\/api.w.org\/{rel}","templated":true}]}}

Biurko elektryczne z regulacją BIMotion czarny/biały mat

<p>Opis:</p>
<p>&#8211; Możliwość pracy na stojąco<br />
&#8211; Jeden silnik<br />
&#8211; Funkcja regulacji wysokości<br />
&#8211; Funkcja pamięci wysokości<br />
&#8211; Uniwersalność – do stelażu można użyć dowolnego blatu<br />
&#8211; Pewność i stabilność<br />
&#8211; Stelaże nie wywołują drgań<br />
&#8211; Sterownik można zamontować w dowolnym miejscu<br />
&#8211; Zabezpieczenie przed przegrzaniem mechanizmu</p>
<p>Stelaż 1-silnikowy parametry:</p>
<p>&#8211; Rodzaj napędu: pojedynczy silnik<br />
&#8211; Belka rozciągająca: rozsuwana<br />
&#8211; Sterowanie: wyświetlacz LED z 2 pamięciami<br />
&#8211; Funkcje: pamięć wysokości, blokada dla dzieci, system antykolizyjny<br />
&#8211; Nośność: 70 kg<br />
&#8211; Prędkość: 28 mm/s<br />
&#8211; Poziom hałasu: <50 dB
- Napięcie wejściowe: AC110V-AC230V
- Cykl pracy: 10%, czyli 2 minuty włączony / 18 minut wyłączony
- Kabel zasilający

Wymiary stelaża:

- Regulowana wysokość: 73-120 cm
- Regulowana szerokość: 90-120 cm
 

Wymiary blatu:

- Długość: 120 cm
- Szerokość: 65 cm
- Grubość: 2,5 cm
</p>

<p>Stelaż: metalowa rama<br />
Blat: płyta laminowana 25 mm, obrzeża ABS 0,8 mm </p>
