{"id":101392,"date":"2026-04-27T17:52:48","date_gmt":"2026-04-27T15:52:48","guid":{"rendered":"https:\/\/namarstyle.com\/product\/biurko-elektryczne-z-regulacja-bimotion-140x70-czarny-czarny-mat\/"},"modified":"2026-04-29T18:32:36","modified_gmt":"2026-04-29T16:32:36","slug":"biurko-elektryczne-z-regulacja-bimotion-czarny-czarny-mat","status":"publish","type":"product","link":"https:\/\/namarstyle.com\/es\/product\/biurko-elektryczne-z-regulacja-bimotion-czarny-czarny-mat\/","title":{"rendered":"Biurko elektryczne z regulacj\u0105 BIMotion czarny\/czarny mat"},"content":{"rendered":"<p>Opis:<\/p>\n<p>- Mo\u017cliwo\u015b\u0107 pracy na stoj\u0105co<br \/>\n- Jeden silnik<br \/>\n- Funkcja regulacji wysoko\u015bci<br \/>\n- Funkcja pami\u0119ci wysoko\u015bci<br \/>\n- Uniwersalno\u015b\u0107 \u2013 do stela\u017cu mo\u017cna u\u017cy\u0107 dowolnego blatu<br \/>\n- Pewno\u015b\u0107 i stabilno\u015b\u0107<br \/>\n- Stela\u017ce nie wywo\u0142uj\u0105 drga\u0144<br \/>\n- Sterownik mo\u017cna zamontowa\u0107 w dowolnym miejscu<br \/>\n- Zabezpieczenie przed przegrzaniem mechanizmu<\/p>\n<p>Stela\u017c 1-silnikowy parametry:<\/p>\n<p>- Rodzaj nap\u0119du: pojedynczy silnik<br \/>\n- Belka rozci\u0105gaj\u0105ca: rozsuwana<br \/>\n- Sterowanie: wy\u015bwietlacz LED z 2 pami\u0119ciami<br \/>\n- Funkcje: pami\u0119\u0107 wysoko\u015bci, blokada dla dzieci, system antykolizyjny<br \/>\n- No\u015bno\u015b\u0107: 70 kg<br \/>\n- Pr\u0119dko\u015b\u0107: 28 mm\/s<br \/>\n- Poziom ha\u0142asu: &lt;50 dB<br \/>\n- Napi\u0119cie wej\u015bciowe: AC110V-AC230V<br \/>\n- Cykl pracy: 10%, czyli 2 minuty w\u0142\u0105czony \/ 18 minut wy\u0142\u0105czony<br \/>\n- Kabel zasilaj\u0105cy<\/p>\n<p>Wymiary stela\u017ca:<\/p>\n<p>- Regulowana wysoko\u015b\u0107: 73-120 cm<br \/>\n- Regulowana szeroko\u015b\u0107: 90-120 cm<\/p>\n<p>Wymiary blatu:<\/p>\n<p>- D\u0142ugo\u015b\u0107: 140 cm<br \/>\n- Szeroko\u015b\u0107: 70 cm<br \/>\n- Grubo\u015b\u0107: 2,5 cm<\/p>\n","protected":false},"excerpt":{"rendered":"<p>Stela\u017c: metalowa rama<br \/>\nBlat bia\u0142y: p\u0142yta laminowana 25 mm, obrze\u017ca ABS 0,8 mm<br \/>\nBlat d\u0105b artisan \/ orzech \/ czarny: p\u0142yta laminowana 32 mm, obrze\u017ca ABS 0,8 mm<\/p>\n","protected":false},"featured_media":101384,"comment_status":"open","ping_status":"closed","template":"","meta":[],"product_brand":[],"product_cat":[386],"product_tag":[],"class_list":{"0":"post-101392","1":"product","2":"type-product","3":"status-publish","4":"has-post-thumbnail","6":"product_cat-biurka","8":"first","9":"instock","10":"taxable","11":"shipping-taxable","12":"purchasable","13":"product-type-simple"},"_links":{"self":[{"href":"https:\/\/namarstyle.com\/es\/wp-json\/wp\/v2\/product\/101392","targetHints":{"allow":["GET"]}}],"collection":[{"href":"https:\/\/namarstyle.com\/es\/wp-json\/wp\/v2\/product"}],"about":[{"href":"https:\/\/namarstyle.com\/es\/wp-json\/wp\/v2\/types\/product"}],"replies":[{"embeddable":true,"href":"https:\/\/namarstyle.com\/es\/wp-json\/wp\/v2\/comments?post=101392"}],"version-history":[{"count":2,"href":"https:\/\/namarstyle.com\/es\/wp-json\/wp\/v2\/product\/101392\/revisions"}],"predecessor-version":[{"id":102549,"href":"https:\/\/namarstyle.com\/es\/wp-json\/wp\/v2\/product\/101392\/revisions\/102549"}],"wp:featuredmedia":[{"embeddable":true,"href":"https:\/\/namarstyle.com\/es\/wp-json\/wp\/v2\/media\/101384"}],"wp:attachment":[{"href":"https:\/\/namarstyle.com\/es\/wp-json\/wp\/v2\/media?parent=101392"}],"wp:term":[{"taxonomy":"product_brand","embeddable":true,"href":"https:\/\/namarstyle.com\/es\/wp-json\/wp\/v2\/product_brand?post=101392"},{"taxonomy":"product_cat","embeddable":true,"href":"https:\/\/namarstyle.com\/es\/wp-json\/wp\/v2\/product_cat?post=101392"},{"taxonomy":"product_tag","embeddable":true,"href":"https:\/\/namarstyle.com\/es\/wp-json\/wp\/v2\/product_tag?post=101392"}],"curies":[{"name":"wp","href":"https:\/\/api.w.org\/{rel}","templated":true}]}}

Biurko elektryczne z regulacją BIMotion czarny/czarny mat

<p>Opis:</p>
<p>- Możliwość pracy na stojąco<br />
- Jeden silnik<br />
- Funkcja regulacji wysokości<br />
- Funkcja pamięci wysokości<br />
- Uniwersalność – do stelażu można użyć dowolnego blatu<br />
- Pewność i stabilność<br />
- Stelaże nie wywołują drgań<br />
- Sterownik można zamontować w dowolnym miejscu<br />
- Zabezpieczenie przed przegrzaniem mechanizmu</p>
<p>Stelaż 1-silnikowy parametry:</p>
<p>- Rodzaj napędu: pojedynczy silnik<br />
- Belka rozciągająca: rozsuwana<br />
- Sterowanie: wyświetlacz LED z 2 pamięciami<br />
- Funkcje: pamięć wysokości, blokada dla dzieci, system antykolizyjny<br />
- Nośność: 70 kg<br />
- Prędkość: 28 mm/s<br />
- Poziom hałasu: &lt;50 dB<br />
- Napięcie wejściowe: AC110V-AC230V<br />
- Cykl pracy: 10%, czyli 2 minuty włączony / 18 minut wyłączony<br />
- Kabel zasilający</p>
<p>Wymiary stelaża:</p>
<p>- Regulowana wysokość: 73-120 cm<br />
- Regulowana szerokość: 90-120 cm</p>
<p>Wymiary blatu:</p>
<p>- Długość: 140 cm<br />
- Szerokość: 70 cm<br />
- Grubość: 2,5 cm</p>

<p>Stelaż: metalowa rama<br />
Blat biały: płyta laminowana 25 mm, obrzeża ABS 0,8 mm<br />
Blat dąb artisan / orzech / czarny: płyta laminowana 32 mm, obrzeża ABS 0,8 mm</p>
