{"id":101153,"date":"2026-04-27T17:42:30","date_gmt":"2026-04-27T15:42:30","guid":{"rendered":"https:\/\/namarstyle.com\/product\/polka-pod-telewizor-wiszaca-dedal-90-cm-czarny-mat\/"},"modified":"2026-04-28T05:39:26","modified_gmt":"2026-04-28T03:39:26","slug":"polka-pod-telewizor-wiszaca-dedal-cm-czarny-mat","status":"publish","type":"product","link":"https:\/\/namarstyle.com\/es\/product\/polka-pod-telewizor-wiszaca-dedal-cm-czarny-mat\/","title":{"rendered":"P\u00f3\u0142ka pod telewizor wisz\u0105ca Dedal cm czarny mat"},"content":{"rendered":"<p>P\u00f3\u0142ka pod telewizor DEDAL o kompaktowym rozmiarze to idealne rozwi\u0105zanie dla tych, kt\u00f3rzy dysponuj\u0105 ograniczon\u0105 przestrzeni\u0105. Dzi\u0119ki swoim niewielkim wymiarom jest niezwykle funkcjonalna i praktyczna. Posiada dwie wn\u0119ki w \u015brodkowej cz\u0119\u015bci, zapewniaj\u0105ce odpowiedni\u0105 przestrze\u0144 do przechowywania r\u00f3\u017cnych urz\u0105dze\u0144 multimedialnych, pilot\u00f3w, ksi\u0105\u017cek czy dekoracji. Dodatkowo mebel wyposa\u017cony jest w dwa otwory na kable, kt\u00f3ry u\u0142atwia organizacj\u0119 przewod\u00f3w i zachowanie porz\u0105dku. Charakteryzuje si\u0119 r\u00f3wnie\u017c zaokr\u0105glonymi bokami, co dodaje delikatnego i atrakcyjnego wygl\u0105du, a do tego sprawia, \u017ce u\u017cytkowanie p\u00f3\u0142ki jest bezpieczniejsze.<\/p>\n<p>Pe\u0142ni\u0105c funkcj\u0119 szafki pod telewizor, idealnie wpisuje si\u0119 w minimalistyczne trendy. Solidna konstrukcja i wysokiej jako\u015bci materia\u0142y, nie tylko prezentuje si\u0119 estetycznie, ale tak\u017ce gwarantuje trwa\u0142o\u015b\u0107 i stabilno\u015b\u0107.<\/p>\n<p>Opis:<\/p>\n<p>Mebel mo\u017ce spe\u0142nia\u0107 funkcj\u0119 p\u00f3\u0142ki wisz\u0105cej lub p\u00f3\u0142ki pod TV<br \/>\nOtw\u00f3r na kable w g\u00f3rnej i dolnej p\u0142ycie<\/p>\n","protected":false},"excerpt":{"rendered":"<p>P\u0142yta laminowana 16 mm<\/p>\n","protected":false},"featured_media":101147,"comment_status":"open","ping_status":"closed","template":"","meta":[],"product_brand":[],"product_cat":[189],"product_tag":[],"class_list":{"0":"post-101153","1":"product","2":"type-product","3":"status-publish","4":"has-post-thumbnail","6":"product_cat-ogrod","8":"first","9":"instock","10":"taxable","11":"shipping-taxable","12":"purchasable","13":"product-type-simple"},"_links":{"self":[{"href":"https:\/\/namarstyle.com\/es\/wp-json\/wp\/v2\/product\/101153","targetHints":{"allow":["GET"]}}],"collection":[{"href":"https:\/\/namarstyle.com\/es\/wp-json\/wp\/v2\/product"}],"about":[{"href":"https:\/\/namarstyle.com\/es\/wp-json\/wp\/v2\/types\/product"}],"replies":[{"embeddable":true,"href":"https:\/\/namarstyle.com\/es\/wp-json\/wp\/v2\/comments?post=101153"}],"version-history":[{"count":1,"href":"https:\/\/namarstyle.com\/es\/wp-json\/wp\/v2\/product\/101153\/revisions"}],"predecessor-version":[{"id":102237,"href":"https:\/\/namarstyle.com\/es\/wp-json\/wp\/v2\/product\/101153\/revisions\/102237"}],"wp:featuredmedia":[{"embeddable":true,"href":"https:\/\/namarstyle.com\/es\/wp-json\/wp\/v2\/media\/101147"}],"wp:attachment":[{"href":"https:\/\/namarstyle.com\/es\/wp-json\/wp\/v2\/media?parent=101153"}],"wp:term":[{"taxonomy":"product_brand","embeddable":true,"href":"https:\/\/namarstyle.com\/es\/wp-json\/wp\/v2\/product_brand?post=101153"},{"taxonomy":"product_cat","embeddable":true,"href":"https:\/\/namarstyle.com\/es\/wp-json\/wp\/v2\/product_cat?post=101153"},{"taxonomy":"product_tag","embeddable":true,"href":"https:\/\/namarstyle.com\/es\/wp-json\/wp\/v2\/product_tag?post=101153"}],"curies":[{"name":"wp","href":"https:\/\/api.w.org\/{rel}","templated":true}]}}

Półka pod telewizor wisząca Dedal cm czarny mat

<p>Półka pod telewizor DEDAL o kompaktowym rozmiarze to idealne rozwiązanie dla tych, którzy dysponują ograniczoną przestrzenią. Dzięki swoim niewielkim wymiarom jest niezwykle funkcjonalna i praktyczna. Posiada dwie wnęki w środkowej części, zapewniające odpowiednią przestrzeń do przechowywania różnych urządzeń multimedialnych, pilotów, książek czy dekoracji. Dodatkowo mebel wyposażony jest w dwa otwory na kable, który ułatwia organizację przewodów i zachowanie porządku. Charakteryzuje się również zaokrąglonymi bokami, co dodaje delikatnego i atrakcyjnego wyglądu, a do tego sprawia, że użytkowanie półki jest bezpieczniejsze.</p>
<p>Pełniąc funkcję szafki pod telewizor, idealnie wpisuje się w minimalistyczne trendy. Solidna konstrukcja i wysokiej jakości materiały, nie tylko prezentuje się estetycznie, ale także gwarantuje trwałość i stabilność.</p>
<p>Opis:</p>
<p>Mebel może spełniać funkcję półki wiszącej lub półki pod TV<br />
Otwór na kable w górnej i dolnej płycie</p>

<p>Płyta laminowana 16 mm</p>
